mainder when 6250 is divided by 216?
202
Calculate the remainder when 81828 is divided by 951.
42
What is the remainder when 2100717 is divided by 1879?
1874
Calculate the remainder when 2476 is divided by 108.
100
What is the remainder when 97738 is divided by 46?
34
Calculate the remainder when 4911 is divided by 649.
368
What is the remainder when 143153 is divided by 119?
115
Calculate the remainder when 1041 is divided by 10.
1
Calculate the remainder when 7504 is divided by 20.
4
What is the remainder when 21389 is divided by 107?
96
What is the remainder when 9098 is divided by 9?
8
Calculate the remainder when 76082 is divided by 92.
90
What is the remainder when 29698 is divided by 23?
5
Calculate the remainder when 4274 is divided by 4185.
89
Calculate the remainder when 699662 is divided by 139932.
2
What is the remainder when 25609 is divided by 1825?
59
What is the remainder when 4079 is divided by 3995?
84
Calculate the remainder when 403036 is divided by 440.
436
Calculate the remainder when 7766 is divided by 1288.
38
What is the remainder when 2854 is divided by 36?
10
What is the remainder when 102540 is divided by 13?
9
What is the remainder when 8306 is divided by 1827?
998
What is the remainder when 599 is divided by 13?
1
What is the remainder when 6358 is divided by 1026?
202
Calculate the remainder when 132321 is divided by 731.
10
What is the remainder when 33006 is divided by 5482?
114
What is the remainder when 7481 is divided by 305?
161
What is the remainder when 50491 is divided by 64?
59
What is the remainder when 1978 is divided by 639?
61
Calculate the remainder when 4927 is divided by 1623.
58
What is the remainder when 644 is divided by 157?
16
What is the remainder when 162282 is divided by 9?
3
What is the remainder when 2335 is divided by 237?
202
Calculate the remainder when 15762 is divided by 3938.
10
Calculate the remainder when 54091 is divided by 39.
37
Calculate the remainder when 12092 is divided by 59.
56
Calculate the remainder when 159903 is divided by 637.
16
Calculate the remainder when 222426 is divided by 111209.
8
What is the remainder when 1075 is divided by 639?
436
What is the remainder when 55801 is divided by 598?
187
What is the remainder when 59897 is divided by 1302?
5
Calculate the remainder when 1120 is divided by 362.
34
What is the remainder when 684253 is divided by 684246?
7
Calculate the remainder when 5929 is divided by 1904.
217
Calculate the remainder when 4361 is divided by 163.
123
What is the remainder when 4495 is divided by 397?
128
Calculate the remainder when 460453 is divided by 140.
133
Calculate the remainder when 113592 is divided by 37859.
15
Calculate the remainder when 8569 is divided by 5.
4
What is the remainder when 11520 is divided by 138?
66
What is the remainder when 43672 is divided by 61?
57
What is the remainder when 55747 is divided by 25?
22
What is the remainder when 5178 is divided by 157?
154
Calculate the remainder when 7634 is divided by 2486.
176
What is the remainder when 1906 is divided by 107?
87
Calculate the remainder when 16949 is divided by 26.
23
Calculate the remainder when 1020 is divided by 108.
48
What is the remainder when 84281 is divided by 66?
65
Calculate the remainder when 10597859 is divided by 70.
69
What is the remainder when 50926 is divided by 183?
52
What is the remainder when 19003 is divided by 6210?
373
What is the remainder when 1264 is divided by 138?
22
What is the remainder when 556060 is divided by 278023?
14
What is the remainder when 104308 is divided by 5?
3
Calculate the remainder when 197408 is divided by 307.
7
What is the remainder when 2902 is divided by 81?
67
What is the remainder when 464 is divided by 110?
24
What is the remainder when 11630 is divided by 2325?
5
What is the remainder when 62155 is divided by 10344?
91
Calculate the remainder when 11669 is divided by 2892.
101
What is the remainder when 2978558 is divided by 26?
24
What is the remainder when 24528 is divided by 1367?
1289
What is the remainder when 37407 is divided by 1385?
12
What is the remainder when 219019 is divided by 36?
31
Calculate the remainder when 26416 is divided by 42.
40
Calculate the remainder when 40356 is divided by 20174.
8
What is the remainder when 13758 is divided by 93?
87
What is the remainder when 41249 is divided by 10?
9
Calculate the remainder when 12569 is divided by 405.
14
What is the remainder when 1402019 is divided by 169?
164
What is the remainder when 8935 is divided by 11?
3
What is the remainder when 15121 is divided by 316?
269
Calculate the remainder when 153187 is divided by 78.
73
Calculate the remainder when 701 is divided by 9.
8
What is the remainder when 2853606 is divided by 129?
126
Calculate the remainder when 103731 is divided by 3841.
24
What is the remainder when 1529 is divided by 576?
377
Calculate the remainder when 73359 is divided by 1146.
15
Calculate the remainder when 6395 is divided by 3168.
59
Calculate the remainder when 9500 is divided by 1889.
55
What is the remainder when 17661 is divided by 376?
365
Calculate the remainder when 20368 is divided by 4035.
193
What is the remainder when 11418 is divided by 273?
225
Calculate the remainder when 34504 is divided by 15.
4
What is the remainder when 4684 is divided by 2294?
96
Calculate the remainder when 290593 is divided by 26.
17
Calculate the remainder when 671215 is divided by 113.
108
Calculate the remainder when 954 is divided by 215.
94
What is the remainder when 4696 is divided by 69?
4
What is the remainder when 15658 is divided by 110?
38
What is the remainder when 1596 is divided by 530?
6
Calculate the remainder when 16986 is divided by 109.
91
Calculate the remainder when 58260 is divided by 19418.
6
Calculate the remainder when 7854 is divided by 3230.
1394
What is the remainder when 616 is divided by 149?
20
Calculate the remainder when 4181 is divided by 2061.
59
What is the remainder when 1054744 is divided by 24?
16
Calculate the remainder when 30546 is divided by 7.
5
Calculate the remainder when 6642 is divided by 730.
72
Calculate the remainder when 12339 is divided by 3081.
15
What is the remainder when 36240 is divided by 57?
45
Calculate the remainder when 3085 is divided by 91.
82
Calculate the remainder when 2461 is divided by 28.
25
What is the remainder when 1931 is divided by 66?
17
Calculate the remainder when 102383 is divided by 10237.
13
What is the remainder when 165998 is divided by 497?
0
What is the remainder when 54084 is divided by 416?
4
Calculate the remainder when 1396 is divided by 87.
4
What is the remainder when 63865 is divided by 63860?
5
What is the remainder when 2783 is divided by 103?
2
Calculate the remainder when 707 is divided by 480.
227
Calculate the remainder when 53396 is divided by 26697.
2
Calculate the remainder when 172248 is divided by 86110.
28
Calculate the remainder when 1982 is divided by 84.
50
What is the remainder when 75125 is divided by 1089?
1073
Calculate the remainder when 134519 is divided by 22419.
5
Calculate the remainder when 5130 is divided by 1890.
1350
Calculate the remainder when 63888 is divided by 49.
41
Calculate the remainder when 7995 is divided by 726.
9
What is the remainder when 39638 is divided by 422?
392
Calculate the remainder when 524 is divided by 311.
213
Calculate the remainder when 104874 is divided by 40.
34
What is the remainder when 8350 is divided by 2086?
6
Calculate the remainder when 27767 is divided by 272.
23
Calculate the remainder when 15282 is divided by 5088.
18
What is the remainder when 425 is divided by 288?
137
Calculate the remainder when 205717 is divided by 34269.
103
What is the remainder when 2297 is divided by 625?
422
What is the remainder when 4214 is divided by 1053?
2
Calculate the remainder when 51520 is divided by 93.
91
Calculate the remainder when 38689 is divided by 9670.
9
What is the remainder when 28211 is divided by 352?
51
What is the remainder when 4120 is divided by 1134?
718
What is the remainder when 685352 is divided by 62303?
19
Calculate the remainder when 15347 is divided by 63.
38
Calculate the remainder when 157645 is divided by 181.
175
Calculate the remainder when 4604 i